 6*d + 5. Let t(y) = -y**2 + 14*y - 11. Let m be t(12). Is v(m) prime?
True
Let g(m) = -6*m - 1. Let h be g(2). Let s(o) = -o**3 - 19. Let z be s(0). Let c = h - z. Is c composite?
True
Suppose -10 = p - 6*p. Suppose 177 = 5*b - o, 0*b + p*o = 4*b - 144. Is b composite?
True
Suppose -4*z - z = 0. Let a(m) = -m**2 - m + 191. Is a(z) a prime number?
True
Let c = -177 - -390. Is c a prime number?
False
Suppose 4*m - 212 = 4*c, 0 = m - 0*m + 5*c - 77. Is m composite?
True
Let s be (-10)/(-6) - 1/(-3). Suppose -3*j = s*j - 4395. Suppose b = 4*b - j. Is b a prime number?
True
Suppose 4*l = -3*n + 233, 2*l - 181 = -l + 4*n. Is l prime?
True
Let u = 103 + 168. Suppose -5*q - t + 457 = 0, -4*q + u = -q - t. Is q prime?
False
Suppose 29 = -4*n + 13, 0 = b - 2*n - 770. Suppose 5*c = -c + b. Is c prime?
True
Suppose -5*j + 369 + 46 = 0. Let l = 42 - j. Let t = l - -66. Is t a prime number?
False
Let o be 2439/2 + (-1)/(-2). Suppose -a - b + 440 = -6*b, -o = -3*a - 5*b. Is a a composite number?
True
Let t(b) be the third derivative of 13*b**5/60 - b**4/24 + b**3/6 - 6*b**2. Is t(-3) a prime number?
False
Suppose 37*s - 3415 = 32*s. Is s a composite number?
False
Suppose -13 = -5*c - 3. Suppose 3*u + 2*u - 5*m = 50, -5*u + 15 = c*m. Suppose -g = -3*t + 557, u*t = -3*g - g + 951. Is t a composite number?
True
Let p be 30/3*(-3)/(-5). Let j be (p*-1)/3*7. Is (-31)/(-3 + (-40)/j) a prime number?
False
Let v be (-2)/7 + (-1996)/(-28). Let p(g) = -g**3 + 8*g**2 - 6*g + 12. Let j be p(8). Let h = v + j. Is h a composite number?
True
Suppose 3*w + 0*w + 3*f - 255 = 0, -3*w + 4*f + 220 = 0. Suppose 5*v = 6*v - 3*s - w, -4*v + 304 = 4*s. Is v composite?
True
Suppose 0 = 2*n - 5*n + 12. Let z(l) = 29*l - 1. Is z(n) composite?
True
Let b(f) = -f**3 - 10*f**2 - f - 6. Let m be b(-10). Suppose m*j - 114 = 274. Is j a prime number?
True
Let p(l) = -400*l - 3. Is p(-2) composite?
False
Is 24/30 + (-902)/(-10) prime?
False
Let j(t) = t**2 - 5*t - 2. Let w be j(5). Let k(m) = 34*m + 3. Let z(s) = -68*s - 6. Let n(h) = -13*k(h) - 6*z(h). Is n(w) prime?
False
Let f(h) = 23*h + 1. Let o be f(3). Suppose -i = -3*i + o. Is i a composite number?
True
Suppose -2*a = -10, -a - 47 = -3*s + 41. Is s a composite number?
False
Let l = 95 + 884. Is l a prime number?
False
Suppose 3*j + 9 = 0, -9057 = -3*s + 3*j - j. Is s prime?
False
Let v = 29 + -10. Is v composite?
False
Let i(h) be the third derivative of 17*h**4/24 - h**3/2 - 2*h**2. Let m = -3 + 5. Is i(m) a composite number?
False
Suppose -t + 0*t = -1. Let b(l) = 262*l**2 + l. Is b(t) composite?
False
Suppose 0 = 2*h - 20 + 4. Suppose h*r - 185 = 3*r. Is r a composite number?
False
Let f(o) = -o**2 - 11*o - 17. Let u be f(-12). Suppose -m + 0*m = -40. Let q = m + u. Is q a prime number?
True
Is 22/(-99) - (-9742)/18 prime?
True
Let b(c) be the second derivative of -c**3/6 + 79*c**2/2 + 10*c. Is b(0) a composite number?
False
Suppose -4*c + 4 = 4*q, 3*q - 2*c - 8 = -4*c. Suppose 0 = -2*h + q*h - 196. Is h composite?
True
Let s(i) be the first derivative of 38*i**3 + 2*i**2 + 3*i + 3. Let f be s(-2). Suppose -f = -5*o - w - 2*w, 0 = -3*w + 6. Is o prime?
True
Let x be 4196/6 + (-2)/(-3). Let y = -588 - -147. Let g = x + y. Is g a composite number?
True
Suppose -2*o + 53 = 3*x - 299, 3*x - 349 = -5*o. Is x composite?
True
Let b be (-1)/(-1 - 0) - -4. Suppose 295 = -b*s + 1460. Is s composite?
False
Let n(a) = -141*a - 4. Let m(c) = 3 + 5*c + 4*c**2 - 4*c**3 + 3*c**3 + 2*c**3. Let b be m(-3). Is n(b) a composite number?
False
Let d(v) = -v**2 + v + 19. Is d(0) composite?
False
Suppose -j = -0*j - 3. Let r be -1*12 - (2 - j). Is 3/3 + -1 - r a composite number?
False
Let x(l) = l**2 - 10*l + 3. Suppose -5*b - 75 = -5*p, -5*p + 3*b = 4*b - 45. Let j be x(p). Suppose j*k - 2*k = 26. Is k a prime number?
False
Let p be (-2 + 1)/(1/(-4)). Suppose 24 - p = 4*j. Suppose -5*x + 139 = 3*m, 2*x = -j*m + 11 + 208. Is m a prime number?
True
Suppose -6*i - 2 = 4*n - 3*i, -i - 2 = 0. Is 147 + n/(1/2) a prime number?
True
Suppose -617 = -b + 270. Is b composite?
False
Let f(z) = 17*z**2 - 8*z - 3. Suppose -x + 2 - 4 = 0. Let p(t) = -4*t**2 + 2*t + 1. Let q(j) = x*f(j) - 9*p(j). Is q(5) a prime number?
True
Let m(k) = -k**3 - k**2 - k - 72. Let w be m(0). Let d = -50 - w. Is d prime?
False
Let x be 0 - (3 + -6 + 0). Let d(n) = n**2 - 3*n + 2. Is d(x) prime?
True
Let p = 157 + -12. Is p a prime number?
False
Let w(l) = 6*l**3 - l**2 + 3*l + 1. Is w(3) a composite number?
False
Let n(c) = 1195*c**3 - 2*c**2 + 6*c - 4. Is n(1) a composite number?
True
Suppose n = -3*g - 4 - 2, 0 = n - 2*g - 9. Let h be 2/(n/(-27)*-3). Suppose 0 = -3*u + h + 27. Is u composite?
False
Let c be (-3)/(-6)*0 + 2. Let p be (-17)/c + (-6)/12. Let v = p + 24. Is v a composite number?
True
Suppose -3*g + 5*g + 228 = 0. Is g/8*2*-2 composite?
True
Let q be (4/6)/(5/(-120)). Is q/(-2)*2 - 3 composite?
False
Let p(l) = -69*l + 2. Suppose -u + 2*y - 8 = y, 2 = u + y. Is p(u) prime?
False
Let m = 7 - 4. Let j be (-1)/m + (-560)/(-6). Suppose 0 = -0*c - 3*c + j. Is c prime?
True
Let n be -5 + 10 - (1 - 0). Suppose 2*u - n*y + 6 = 4, y + 4 = 2*u. Suppose -3*m + u*s = -48, -84 = -4*m - 4*s + 4. Is m a prime number?
True
Suppose -5*j + 1050 = -5*i, 4*j + j + 3*i = 1074. Let b be (2 + 15)*(-9 - -1). Let u = b + j. Is u a prime number?
False
Let v be (5 - 0)*(-2)/(-5). Suppose 2*x = -4*s - 16, -v*x + 6*x + 4*s = -16. Suppose -a + x*j = j - 54, -a + 57 = 4*j. Is a a prime number?
True
Let o(d) be the second derivative of -d**5/10 - d**4 + 4*d**3/3 + 5*d**2/2 - 6*d. Is o(-9) a prime number?
True
Let c be (5 + -4)*(2 + -2). Suppose -5*f + 47 = -4*g, c = -5*f - g - 3*g + 23. Is f composite?
False
Let i be (-806)/(-6) - 2/(-3). Let y = -5 - -57. Let r = i - y. Is r a prime number?
True
Let r be (-14)/4 + 2/(-4). Let b be 5 + -3 + 10 - 4. Is r*((-598)/b + -2) composite?
False
Suppose -5*g - 10 = k, k - 2*g + 2 = 6. Let r = 10 + -6. Suppose -r*s + 52 = -k*s. Is s composite?
False
Is (-2 - -6) + 2 + 483 a prime number?
False
Let g be 380/2 + 1 + 1. Suppose -a - 110 = 27. Let d = g - a. Is d a prime number?
False
Let w = -30 + 42. Let d = 22 - w. Is (2 - (-9)/6)*d composite?
True
Let n(o) = 2*o**2 - o - 1. Let p be n(-1). Let z(x) = p*x - 6*x + 4 - x. Is z(-7) a prime number?
False
Suppose 0 = 2*a + 7 - 57. Let j be 4/(-2)*-1*3. Let o = j + a. Is o a prime number?
True
Let u(n) = -16*n**3 - 5*n**2 + 2*n + 7. Is u(-4) composite?
True
Let b(p) = 73*p + 1. Let f be b(2). Suppose -4*x + 359 = f. Is x prime?
True
Suppose 3*p = 5*m - 28723, 4*p - 3973 + 21198 = 3*m. Is m a prime number?
False
Let r(v) = -2*v - 3 - v + 5*v + 10*v. Suppose -4*j + 5*j = -5, -j - 3 = t. Is r(t) a composite number?
True
Let d(f) = f**3 + 20*f**2 + 25*f - 7. Is d(-18) prime?
True
Is -1*((-262 - -4) + 1) prime?
True
Let o be (-45)/2*(-12)/5. Let z = 89 - o. Is z composite?
True
Suppose 3*b - 783 = -0*b. Is (1 - 0)*2 + b prime?
True
Let s(h) = -33*h. Let v = 5 - 6. Is s(v) prime?
False
Let d(w) = -1 + 33*w**2 - 2*w + 13*w**2 - 9*w**2 + 13*w**2. Is d(-2) a prime number?
False
Suppose 5*g + 7 = -18, 4*c = -g - 437. Let v be 3974/18 + 10/45. Let y = v + c. Is y prime?
True
Let w be (-3)/6 - 22/(-4). Let k(v) = 2*v**2 + 4*v - 1 - 1 - 3*v. Is k(w) a composite number?
False
Let b be 1/(-2) - (-126)/28. Suppose 3*k + 635 = b*p, -3*p = 2*k + 2*k - 470. Is p composite?
True
Suppose 5 = -3*c + 2. Let s be (-1 + -13)*1/c. Is 2/7 - (-122)/s composite?
True
Let y(l) = 5*l - 5. Let i be y(4). Let c(x) = -x**3 + 15*x**2 + 7*x + 6. Is c(i) a composite number?
True
Let g(o) = o**2 + o + 4. Let v be g(4). Suppose 3*b = -s - 2 + 12, -3*b = -5*s - 4. Suppose -y + v = b*y. Is y a prime number?
False
Let p(d) = 3*d + 2*d + 6*d - 1. Is p(1) prime?
False
Let g be 1*-7 + 0 + 1. Let x(p) = -13*p**2 - 23*p + 17. Let a(j) = -3*j**2 - 6*j + 4. Let n(v) = 9*a(v) - 2*x(v). Is n(g) a composite number?
True
Suppose -4*a - 5 = 3. Let x be a - (-1*2 - 79). Let h = 138 - x. Is h prime?
True
Suppose 0 = 3*z, -z - 20545 = -2*m - 3*m. Is m prime?
False
Let r = -37 - -75. Let b = r + 14. Is -2 + b + 2 - -1 composite?
False
Suppose 0 = 3*o + 5*g - 17 - 66, 5*o = g + 101. Is o composite?
True
Let q be (14/3*21)/(-1). Let x = 193 + q. Is x a composite number?
True
